90 = q*p - 23*p. Calculate the greatest common divisor of p and 95.
19
Suppose -5*c + 32 = 3*q, -2*q = -q + 4*c - 13. Suppose -5*v + 71 = r, v - 18 = -q*r + 5*r. Calculate the greatest common divisor of v and 6.
2
Let n(p) = 4*p + 74. Let y be n(-16). Calculate the greatest common factor of 70 and y.
10
Let q = -343 + 174. Let t be -5*1 - (q + -7). Calculate the greatest common divisor of t and 19.
19
Suppose 23*a - 52 = 19*a. Calculate the greatest common factor of 52 and a.
13
Suppose 1026 = 101*n - 92*n. What is the greatest common divisor of n and 285?
57
Let g(y) = -4*y - 9. Let u be g(8). Let l = 36 - u. What is the highest common factor of l and 7?
7
Suppose -6*j + 56 = -2*j. Suppose 5*i - 4*a = 292, -4*i - a - 2 + 223 = 0. Calculate the greatest common divisor of j and i.
14
Let q(y) = -2*y**3 - 7*y**2 - 8*y. Let j be q(-4). Let l(m) = -6*m. Let h be l(-2). Calculate the greatest common divisor of j and h.
12
Let g be (15/(-2))/(7/(-406)). Calculate the greatest common factor of g and 174.
87
Let y(z) = z**3 - 7*z**2 + 7*z - 5. Let v be y(6). Let r(x) = 35*x**2 - x + 1. Let b be r(v). Let c = -19 + 26. What is the highest common factor of b and c?
7
Suppose 3*k - 208 = -k. Let f = 53 + k. Suppose 4*c - f = -c. What is the highest common factor of c and 63?
21
Let m = -168 - -258. What is the greatest common divisor of 45 and m?
45
Let g be -6 + -3 - 3270/(-15). What is the greatest common factor of g and 152?
19
Let t(p) = -p**3 - 2*p**2 + p + 6. Let h be t(-3). Let b = 4 - 2. Suppose 0 = -m - b, -2*v + 0*v + 5*m = -274. What is the highest common divisor of v and h?
12
Let b(j) = -j**3 - 26*j**2 + j + 26. Let t be b(-26). Suppose 16*c = -t*c + 1296. What is the greatest common divisor of 54 and c?
27
Let v(b) = 6*b - 22. Let j(d) = d**3 + 2*d**2 - 4*d + 1. Let l be j(-3). Let r be v(l). Calculate the highest common divisor of r and 10.
2
Let w(t) = 26*t + 222. Let r be w(6). What is the highest common divisor of 70 and r?
14
Let s(m) be the third derivative of -m**4/4 + m**3/3 - 11*m**2. Let q be s(-13). Calculate the greatest common divisor of q and 20.
20
Let w(n) = n + 9*n**2 + 4*n**3 + 5*n**2 - 5*n**3 - 2*n**2. Let y be w(11). Calculate the highest common divisor of 12 and y.
12
Suppose r = -4*r. Suppose -o + 22 + r = 0. Suppose -x = x - o. Calculate the greatest common factor of x and 1.
1
Suppose 102*m + 160 = 118*m. Calculate the highest common factor of m and 730.
10
Let q = -266 + 276. Calculate the highest common factor of q and 4.
2
Let y = -11 + 19. Let q be 13 + 76/(-4) + (-13)/((-26)/140). What is the greatest common divisor of y and q?
8
Let y(c) = -c**3 - 4*c**2 - c + 25. Let x be y(0). Calculate the highest common factor of 35 and x.
5
Let j(n) = 13*n + 21. Let g be j(6). Calculate the greatest common divisor of g and 66.
33
Let u(o) = o**3 + 3. Let a be u(0). Suppose -5*n + l = -67, 3*n - 1 - 32 = a*l. What is the highest common factor of 2 and n?
2
Let p be -5*(1 + -4) - 2. Let h = 249 + -177. Suppose -g = -h - 32. What is the highest common factor of g and p?
13
Suppose 5*v - c + 40 = 4*c, 26 = -2*v + 4*c. Let j(m) = -2*m. Let l be j(v). Let h be (16/20*-2)/(2/(-5)). Calculate the greatest common divisor of l and h.
2
Suppose -5*j + 40 = -0*j. Let o = 10 - j. Suppose 3*a - 17 = -2*v, -4*v - o*a + 0*a + 38 = 0. What is the greatest common factor of v and 10?
10
Let s(p) = 15*p - 33. Suppose -12 = -16*a + 12*a. Let x be s(a). Calculate the greatest common factor of x and 12.
12
Let h(v) = v**3 + 13*v**2 - 27*v - 29. Let x be h(-16). Let y = 560 + x. What is the greatest common factor of y and 15?
15
Let x(u) be the second derivative of 0 - 6*u + 1/3*u**3 - u**2. Let t be x(13). Calculate the highest common divisor of 24 and t.
24
Let g(a) = a**3 + a**2 + 3*a + 165. Let k be g(0). Calculate the greatest common divisor of 30 and k.
15
Suppose k = 13 - 5. Let z(t) = -4*t**2 + 45*t + 237. Let p be z(15). Calculate the greatest common factor of p and k.
4
Suppose 5*v = v + 8. Suppose v*u = 34 - 0. Suppose 5*k + 770 = 5*p, 4*p = -4*k + 815 - 207. What is the greatest common divisor of p and u?
17
Let f = 7 + 3. Suppose -3*k = -f - 485. What is the greatest common divisor of 33 and k?
33
Let x(v) = 44*v + 20. Let u be x(2). What is the greatest common divisor of u and 12?
12
Let f = -1 - -3. Suppose 4*m - 16 = -2*z - f*z, -z = 5*m. Let y = z - -9. What is the highest common factor of 42 and y?
14
Let d be 102/(-24) + (-1)/(-4). Let t be (25/d)/(7/(-28)). Calculate the highest common divisor of 225 and t.
25
Suppose -2*w + q = -81, -1 = -q - 4. Let f = w - 29. Calculate the greatest common factor of f and 10.
10
Let p be (-15 - (-783)/54)/((-1)/20). Suppose -3*s = 5*v - 137 + 7, -v = -3*s + 154. What is the highest common divisor of p and s?
10
Suppose -8*j - 8*j = -672. Calculate the highest common divisor of j and 609.
21
Let f(v) = v**2 - 9*v + 16. Let z be f(5). Let c be (1 - z/(-8))*16. Let d = c - 5. What is the greatest common divisor of d and 3?
3
Let q(z) = z**3 - 18*z**2 - 16*z - 39. Let f be q(19). Let p = f + 0. What is the highest common divisor of p and 144?
18
Suppose 4 = 2*f - 4. Suppose f*p = -p + 65. What is the greatest common factor of p and 117?
13
Let w be 14/(-4)*(-27 - -29) - -567. Calculate the greatest common divisor of w and 105.
35
Suppose -54 = -4*f - 14. Calculate the highest common factor of f and 90.
10
Let w be (-33)/(-363) + 21909/33. Calculate the greatest common factor of w and 32.
8
Let p = 41 + -21. Let a(g) = 5*g**2 + 173*g - 40. Let v be a(-35). Calculate the highest common divisor of p and v.
10
Let s be (-4 + 0)/20 + (-316)/20. Let f = s - -35. What is the greatest common factor of 209 and f?
19
Suppose 0 = 3*l - p - 18 - 16, -4*l - p + 43 = 0. What is the greatest common divisor of l and 649?
11
Suppose v = 4*v - 6. Suppose v*q + 6 = 0, 122 = 5*p - q - 3*q. Calculate the highest common divisor of p and 11.
11
Suppose 4*l - 667 = -5*s + 526, 3*l - s = 871. What is the greatest common factor of l and 219?
73
Let q be (-8)/12*(-51)/2. Let s be 0 + 2/3*3. Suppose s*u - 177 = 3*n + 46, 248 = 2*u + 2*n. What is the greatest common factor of q and u?
17
Let u = -278 + 82. Let h be -70*(u/90 - 6/27). Calculate the greatest common factor of 21 and h.
21
Let y = -28 - -33. Suppose 2*v + y*r - 53 = 0, 2*r = -0*r - 6. What is the highest common factor of 17 and v?
17
Let c = -4 + 7. Suppose -30 = -c*l + 63. What is the greatest common divisor of 31 and l?
31
Suppose -3707 = -36*g + 7813. What is the greatest common factor of 192 and g?
64
Let r be -9 + (-6)/(-3) + 2. Suppose 0 = -37*w - 86761 + 17497. Let o be r + 1 - w/12. What is the greatest common factor of 19 and o?
19
Suppose -2*j = 176 - 218. Suppose -5*z = -c + 76, j*z + 107 = 2*c + 20*z. Suppose 85 = 7*l - 2*l. What is the highest common divisor of c and l?
17
Let l be 0 + 2 - 2 - -43. Let p = l + -26. Let i = 28 + p. Calculate the greatest common factor of 15 and i.
15
Let q be -1*(2 + 3) + 7. Let j = 12 - 4. Let t = 14 - j. What is the highest common factor of t and q?
2
Let q = 1062 - 1013. Calculate the highest common factor of q and 112.
7
Suppose -6 = 5*u + 4, -m + 5*u = -46. Calculate the highest common factor of 828 and m.
36
Let p = 290 + -202. Let r(b) = 2*b - 6. Let n be r(5). Suppose 44 = 6*g - g - n*k, -g + 2*k = -10. Calculate the greatest common divisor of p and g.
8
Let y be 54/((-2)/(-5) + 72/(-480)). What is the greatest common divisor of 48 and y?
24
Let q = -176 + 435. Calculate the greatest common divisor of 148 and q.
37
Let p(q) be the second derivative of 5*q**4/12 - q**3/3 + 4*q. Let z be p(2). Let u = 21 - z. What is the highest common divisor of u and 55?
5
Let x = -1295 + 1300. What is the greatest common factor of x and 485?
5
Let c(u) be the second derivative of u**3/6 - 7*u**2/2 - 2*u. Let n be c(8). Let x = 5 + n. Calculate the greatest common divisor of x and 12.
6
Suppose -8*y - 80 + 344 = 0. What is the greatest common divisor of y and 264?
33
Let s be (2/6)/(2*3/774). Suppose 3*n + a = 2*a + s, 4*a + 68 = 4*n. Calculate the greatest common divisor of n and 13.
13
Suppose -7950 = -0*t - 5*t. Calculate the highest common divisor of t and 106.
106
Suppose -35*m + 41*m - 960 = 0. Suppose -5*g = -d +